te the remainder when 145666 is divided by 29130.
16
Calculate the remainder when 7629 is divided by 35.
34
What is the remainder when 2288 is divided by 295?
223
What is the remainder when 2697 is divided by 104?
97
What is the remainder when 29344 is divided by 5816?
264
What is the remainder when 25626 is divided by 12?
6
Calculate the remainder when 34723 is divided by 11324.
751
Calculate the remainder when 9282 is divided by 420.
42
What is the remainder when 6131 is divided by 134?
101
What is the remainder when 91307 is divided by 343?
69
What is the remainder when 159356 is divided by 96?
92
What is the remainder when 3409 is divided by 266?
217
Calculate the remainder when 47084 is divided by 3587.
453
Calculate the remainder when 1297061 is divided by 717.
8
Calculate the remainder when 953 is divided by 30.
23
Calculate the remainder when 5532 is divided by 1380.
12
Calculate the remainder when 3545 is divided by 74.
67
What is the remainder when 26304 is divided by 63?
33
Calculate the remainder when 502081 is divided by 533.
528
Calculate the remainder when 12705 is divided by 53.
38
Calculate the remainder when 21014 is divided by 1748.
38
Calculate the remainder when 12962 is divided by 14.
12
Calculate the remainder when 21587 is divided by 980.
27
What is the remainder when 668613 is divided by 312?
309
What is the remainder when 244524 is divided by 990?
984
Calculate the remainder when 19542 is divided by 118.
72
Calculate the remainder when 26537 is divided by 465.
32
What is the remainder when 7059 is divided by 214?
211
Calculate the remainder when 4048 is divided by 448.
16
Calculate the remainder when 1263 is divided by 91.
80
What is the remainder when 34384 is divided by 471?
1
What is the remainder when 1135596 is divided by 167?
163
What is the remainder when 18346 is divided by 59?
56
What is the remainder when 18923 is divided by 250?
173
What is the remainder when 2709 is divided by 517?
124
Calculate the remainder when 86649 is divided by 13.
4
Calculate the remainder when 276294 is divided by 858.
18
Calculate the remainder when 19709 is divided by 30.
29
Calculate the remainder when 30991 is divided by 10330.
1
What is the remainder when 119 is divided by 39?
2
What is the remainder when 10298 is divided by 14?
8
Calculate the remainder when 526251 is divided by 142.
141
What is the remainder when 36461 is divided by 1516?
77
Calculate the remainder when 6767 is divided by 18.
17
What is the remainder when 110096 is divided by 196?
140
What is the remainder when 16644 is divided by 93?
90
What is the remainder when 3124 is divided by 53?
50
What is the remainder when 2767 is divided by 162?
13
Calculate the remainder when 158446 is divided by 115.
91
What is the remainder when 31558 is divided by 60?
58
What is the remainder when 11611 is divided by 5666?
279
What is the remainder when 4584 is divided by 653?
13
Calculate the remainder when 3028 is divided by 2917.
111
Calculate the remainder when 4385 is divided by 102.
101
What is the remainder when 5554 is divided by 935?
879
Calculate the remainder when 22878 is divided by 286.
284
What is the remainder when 3862 is divided by 32?
22
What is the remainder when 2195 is divided by 220?
215
Calculate the remainder when 64950 is divided by 150.
0
Calculate the remainder when 930 is divided by 34.
12
Calculate the remainder when 5027 is divided by 10.
7
What is the remainder when 5306 is divided by 47?
42
What is the remainder when 6264 is divided by 136?
8
Calculate the remainder when 15594 is divided by 5194.
12
What is the remainder when 198017 is divided by 103?
51
Calculate the remainder when 3187164 is divided by 16.
12
Calculate the remainder when 1959184 is divided by 46.
44
What is the remainder when 3689123 is divided by 125?
123
Calculate the remainder when 16798 is divided by 699.
22
What is the remainder when 269 is divided by 132?
5
What is the remainder when 63402 is divided by 484?
482
Calculate the remainder when 10522 is divided by 657.
10
What is the remainder when 109456 is divided by 291?
40
What is the remainder when 2440 is divided by 40?
0
Calculate the remainder when 313648 is divided by 297.
16
What is the remainder when 4441 is divided by 16?
9
Calculate the remainder when 32969 is divided by 347.
4
Calculate the remainder when 14020 is divided by 2800.
20
What is the remainder when 1195 is divided by 1123?
72
Calculate the remainder when 28115 is divided by 1343.
1255
What is the remainder when 4411 is divided by 43?
25
What is the remainder when 72260 is divided by 73?
63
What is the remainder when 58439 is divided by 19475?
14
Calculate the remainder when 101330 is divided by 3897.
8
Calculate the remainder when 1442138 is divided by 748.
742
Calculate the remainder when 3211 is divided by 87.
79
Calculate the remainder when 84674 is divided by 1512.
2
What is the remainder when 6616 is divided by 37?
30
Calculate the remainder when 966 is divided by 158.
18
What is the remainder when 520 is divided by 38?
26
What is the remainder when 45275 is divided by 40?
35
Calculate the remainder when 15911 is divided by 1446.
5
Calculate the remainder when 210543 is divided by 27.
24
Calculate the remainder when 15979 is divided by 7739.
501
What is the remainder when 12082 is divided by 115?
7
What is the remainder when 4466 is divided by 761?
661
What is the remainder when 36571 is divided by 9137?
23
Calculate the remainder when 6304 is divided by 2063.
115
Calculate the remainder when 34384 is divided by 126.
112
Calculate the remainder when 2540 is divided by 841.
17
Calculate the remainder when 6796 is divided by 561.
64
What is the remainder when 3260 is divided by 13?
10
What is the remainder when 2513 is divided by 416?
17
What is the remainder when 429 is divided by 305?
124
What is the remainder when 2619 is divided by 173?
24
What is the remainder when 226726 is divided by 15115?
1
Calculate the remainder when 5546 is divided by 503.
13
What is the remainder when 203022 is divided by 21?
15
Calculate the remainder when 887 is divided by 261.
104
What is the remainder when 30740 is divided by 30673?
67
What is the remainder when 371899 is divided by 76?
31
Calculate the remainder when 134491 is divided by 91.
84
What is the remainder when 14314 is divided by 1195?
1169
Calculate the remainder when 6900 is divided by 6825.
75
Calculate the remainder when 1473 is divided by 1274.
199
What is the remainder when 36163 is divided by 44?
39
Calculate the remainder when 1471383 is divided by 742.
739
What is the remainder when 424510 is divided by 201?
199
Calculate the remainder when 76316 is divided by 25436.
8
Calculate the remainder when 21521 is divided by 28.
17
Calculate the remainder when 31526 is divided by 53.
44
Calculate the remainder when 9708 is divided by 9658.
50
Calculate the remainder when 237466 is divided by 66.
64
Calculate the remainder when 1242 is divided by 62.
2
Calculate the remainder when 226570 is divided by 33.
25
Calculate the remainder when 12834 is divided by 1070.
1064
Calculate the remainder when 39584 is divided by 664.
408
Calculate the remainder when 1758 is divided by 108.
30
Calculate the remainder when 380746 is divided by 21.
16
What is the remainder when 269037 is divided by 380?
377
Calculate the remainder when 1054 is divided by 119.
102
Calculate the remainder when 8981 is divided by 4480.
21
What is the remainder when 984 is divided by 569?
415
Calculate the remainder when 9127 is divided by 203.
195
What is the remainder when 63331 is divided by 43?
35
Calculate the remainder when 498 is divided by 25.
23
Calculate the remainder when 2319299 is divided by 218.
215
What is the remainder when 6398 is divided by 111?
71
Calculate the remainder when 3835 is divided by 193.
168
What is the remainder when 10523 is divided by 10?
3
What is the remainder when 15079 is divided by 40?
39
Calculate the remainder when 6920 is divided by 6899.
21
Calculate the remainder when 31986 is divided by 15848.
290
Calculate the remainder when 18062 is divided by 53.
42
What is the remainder when 139124 is divided by 1231?
21
Calculate the remainder when 2389 is divided by 197.
25
What is the remainder when